65236 is divided by 1124.
8
Calculate the remainder when 1038929 is divided by 64.
17
Calculate the remainder when 74075 is divided by 8230.
5
What is the remainder when 3692 is divided by 21?
17
What is the remainder when 53010 is divided by 53008?
2
What is the remainder when 505112 is divided by 17?
8
Calculate the remainder when 7560 is divided by 140.
0
What is the remainder when 29162 is divided by 3240?
2
Calculate the remainder when 37929 is divided by 48.
9
Calculate the remainder when 985 is divided by 30.
25
What is the remainder when 46762 is divided by 527?
386
What is the remainder when 26926 is divided by 212?
2
Calculate the remainder when 1517 is divided by 86.
55
Calculate the remainder when 69657 is divided by 387.
384
What is the remainder when 4272 is divided by 57?
54
Calculate the remainder when 117639 is divided by 58799.
41
Calculate the remainder when 2955 is divided by 979.
18
What is the remainder when 46658 is divided by 11663?
6
Calculate the remainder when 4506 is divided by 361.
174
What is the remainder when 1619 is divided by 60?
59
What is the remainder when 150672 is divided by 41?
38
Calculate the remainder when 91249 is divided by 454.
449
What is the remainder when 11347 is divided by 44?
39
Calculate the remainder when 5032 is divided by 140.
132
What is the remainder when 110091 is divided by 215?
11
Calculate the remainder when 24330 is divided by 55.
20
Calculate the remainder when 76917 is divided by 119.
43
What is the remainder when 23125 is divided by 373?
372
What is the remainder when 1032459 is divided by 110?
109
Calculate the remainder when 27511 is divided by 18.
7
What is the remainder when 42613 is divided by 137?
6
What is the remainder when 1802 is divided by 129?
125
Calculate the remainder when 276818 is divided by 1741.
1740
Calculate the remainder when 141297 is divided by 20.
17
What is the remainder when 12288 is divided by 181?
161
Calculate the remainder when 2137 is divided by 182.
135
Calculate the remainder when 92651 is divided by 92633.
18
Calculate the remainder when 589 is divided by 205.
179
Calculate the remainder when 4573 is divided by 88.
85
Calculate the remainder when 6953 is divided by 1499.
957
What is the remainder when 22124 is divided by 386?
122
Calculate the remainder when 10917 is divided by 4.
1
Calculate the remainder when 3350 is divided by 1596.
158
Calculate the remainder when 5197 is divided by 740.
17
Calculate the remainder when 3937 is divided by 719.
342
Calculate the remainder when 12859 is divided by 29.
12
Calculate the remainder when 4048878 is divided by 856.
854
Calculate the remainder when 1178439 is divided by 14371.
17
Calculate the remainder when 2113 is divided by 1873.
240
Calculate the remainder when 23145 is divided by 1781.
1773
What is the remainder when 134197 is divided by 88?
85
What is the remainder when 68862 is divided by 17215?
2
Calculate the remainder when 384 is divided by 384.
0
Calculate the remainder when 7764 is divided by 142.
96
Calculate the remainder when 9917 is divided by 231.
215
What is the remainder when 13100 is divided by 2166?
104
Calculate the remainder when 9905459 is divided by 14.
11
Calculate the remainder when 78488 is divided by 707.
11
What is the remainder when 150877 is divided by 241?
11
Calculate the remainder when 37861 is divided by 38.
13
What is the remainder when 6070 is divided by 359?
326
What is the remainder when 431125 is divided by 10?
5
What is the remainder when 83508 is divided by 10?
8
What is the remainder when 27321 is divided by 12?
9
What is the remainder when 48687 is divided by 183?
9
What is the remainder when 5827 is divided by 1854?
265
What is the remainder when 2336 is divided by 738?
122
Calculate the remainder when 361728 is divided by 4.
0
What is the remainder when 63230 is divided by 304?
302
Calculate the remainder when 1275 is divided by 473.
329
Calculate the remainder when 360 is divided by 192.
168
Calculate the remainder when 289640 is divided by 67.
66
Calculate the remainder when 5512 is divided by 1792.
136
What is the remainder when 194 is divided by 24?
2
What is the remainder when 21953 is divided by 157?
130
Calculate the remainder when 3466 is divided by 12.
10
What is the remainder when 8239 is divided by 75?
64
Calculate the remainder when 34417 is divided by 1625.
292
What is the remainder when 5079 is divided by 5061?
18
Calculate the remainder when 11552 is divided by 2142.
842
Calculate the remainder when 16644 is divided by 14.
12
What is the remainder when 188418 is divided by 163?
153
What is the remainder when 1636463 is divided by 206?
205
Calculate the remainder when 40116 is divided by 68.
64
What is the remainder when 768930 is divided by 384465?
0
What is the remainder when 7236 is divided by 1994?
1254
Calculate the remainder when 133562 is divided by 64.
58
Calculate the remainder when 30885 is divided by 3078.
105
Calculate the remainder when 18198 is divided by 6057.
27
What is the remainder when 48510 is divided by 304?
174
What is the remainder when 982 is divided by 601?
381
Calculate the remainder when 6702589 is divided by 13.
10
What is the remainder when 28775 is divided by 15?
5
Calculate the remainder when 9169 is divided by 9144.
25
Calculate the remainder when 79174 is divided by 1437.
139
Calculate the remainder when 12005 is divided by 393.
215
Calculate the remainder when 152758 is divided by 95.
93
What is the remainder when 4473 is divided by 48?
9
What is the remainder when 1173567 is divided by 16529?
8
Calculate the remainder when 11186 is divided by 127.
10
What is the remainder when 209160 is divided by 9?
0
What is the remainder when 3801087 is divided by 1856?
1855
Calculate the remainder when 25956 is divided by 12968.
20
Calculate the remainder when 81 is divided by 69.
12
Calculate the remainder when 3339 is divided by 1654.
31
What is the remainder when 6909 is divided by 126?
105
What is the remainder when 9198 is divided by 17?
1
Calculate the remainder when 9876 is divided by 3.
0
Calculate the remainder when 272462 is divided by 30273.
5
Calculate the remainder when 1967 is divided by 111.
80
What is the remainder when 6603 is divided by 4?
3
What is the remainder when 4758911 is divided by 153?
152
Calculate the remainder when 93962 is divided by 1445.
37
Calculate the remainder when 2998 is divided by 40.
38
Calculate the remainder when 37295 is divided by 885.
125
Calculate the remainder when 703159 is divided by 141.
133
What is the remainder when 5998 is divided by 1997?
7
What is the remainder when 1511 is divided by 1142?
369
What is the remainder when 13715 is divided by 305?
295
Calculate the remainder when 3401 is divided by 12.
5
What is the remainder when 332010 is divided by 109?
105
What is the remainder when 445 is divided by 390?
55
What is the remainder when 14341 is divided by 16?
5
Calculate the remainder when 8200 is divided by 5.
0
What is the remainder when 1610 is divided by 79?
30
Calculate the remainder when 1130930 is divided by 14.
10
What is the remainder when 8473218 is divided by 2241?
2238
What is the remainder when 10166 is divided by 782?
0
Calculate the remainder when 105931 is divided by 54.
37
Calculate the remainder when 186331 is divided by 103.
4
What is the remainder when 2200197 is divided by 114?
111
Calculate the remainder when 1762 is divided by 1621.
141
Calculate the remainder when 24930 is divided by 2759.
99
What is the remainder when 20993 is divided by 128?
1
Calculate the remainder when 29419 is divided by 78.
13
Calculate the remainder when 6251 is divided by 502.
227
Calculate the remainder when 43425 is divided by 7181.
339
Calculate the remainder when 7822 is divided by 41.
32
Calculate the remainder when 3069 is divided by 3020.
49
What is the remainder when 7950 is divided by 14?
12
What is the remainder when 45040 is divided by 31?
28
Calculate the remainder when 179 is divided by 18.
17
Calculate the remainder when 52969 is divided by 26449.
71
What is the remainder when 30968 is divided by 279?
278
What is the remainder when 3103837 is divided by 32?
29
Calculate the remainder when 18924 is divided by 6291.
51
What is the remainder when 3